[INFO] cloning repository https://github.com/contor-systems/contor
[INFO] running `Command { std: "git" "-c" "credential.helper=" "-c" "credential.helper=/workspace/cargo-home/bin/git-credential-null" "clone" "--bare" "https://github.com/contor-systems/contor" "/workspace/cache/git-repos/https%3A%2F%2Fgithub.com%2Fcontor-systems%2Fcontor", kill_on_drop: false }`
[INFO] [stderr] Cloning into bare repository '/workspace/cache/git-repos/https%3A%2F%2Fgithub.com%2Fcontor-systems%2Fcontor'...
[INFO] running `Command { std: "git" "rev-parse" "HEAD", kill_on_drop: false }`
[INFO] [stdout] 6aea9ac46fbd4963fd9021592322f706a7c62ffe
[INFO] building contor-systems/contor against master#881c1ac408d93bb7adaa3a51dabab9266e82eee8 for issue-85264
[INFO] running `Command { std: "git" "clone" "/workspace/cache/git-repos/https%3A%2F%2Fgithub.com%2Fcontor-systems%2Fcontor" "/workspace/builds/worker-1/source", kill_on_drop: false }`
[INFO] [stderr] Cloning into '/workspace/builds/worker-1/source'...
[INFO] [stderr] done.
[INFO] validating manifest of git repo https://github.com/contor-systems/contor on toolchain 881c1ac408d93bb7adaa3a51dabab9266e82eee8
[INFO] running `Command { std: "/workspace/cargo-home/bin/cargo" "+881c1ac408d93bb7adaa3a51dabab9266e82eee8" "metadata" "--manifest-path" "Cargo.toml" "--no-deps", kill_on_drop: false }`
[INFO] started tweaking git repo https://github.com/contor-systems/contor
[INFO] finished tweaking git repo https://github.com/contor-systems/contor
[INFO] tweaked toml for git repo https://github.com/contor-systems/contor written to /workspace/builds/worker-1/source/Cargo.toml
[INFO] crate git repo https://github.com/contor-systems/contor already has a lockfile, it will not be regenerated
[INFO] running `Command { std: "/workspace/cargo-home/bin/cargo" "+881c1ac408d93bb7adaa3a51dabab9266e82eee8" "fetch" "--manifest-path" "Cargo.toml", kill_on_drop: false }`
[INFO] [stderr]     Updating git repository `https://github.com/actix/actix-extras/`
[INFO] [stderr]  Downloading crates ...
[INFO] [stderr]   Downloaded signal-hook-registry v1.2.2
[INFO] [stderr]   Downloaded if_chain v1.0.1
[INFO] [stderr]   Downloaded reqwest v0.11.2
[INFO] [stderr]   Downloaded futures-task v0.3.8
[INFO] [stderr]   Downloaded syn v1.0.54
[INFO] [stderr]   Downloaded tokio v1.4.0
[INFO] [stderr]   Downloaded serde_repr v0.1.6
[INFO] [stderr]   Downloaded cpuid-bool v0.2.0
[INFO] [stderr]   Downloaded actix-tls v3.0.0-beta.4
[INFO] [stderr]   Downloaded askama_escape v0.10.1
[INFO] [stderr]   Downloaded lock_api v0.4.2
[INFO] [stderr]   Downloaded socket2 v0.3.18
[INFO] [stderr]   Downloaded pin-project v1.0.2
[INFO] [stderr]   Downloaded futures-sink v0.3.8
[INFO] [stderr]   Downloaded futures-io v0.3.8
[INFO] [stderr]   Downloaded futures-macro v0.3.8
[INFO] [stderr]   Downloaded sqlx-rt v0.3.0
[INFO] [stderr]   Downloaded sqlx v0.5.1
[INFO] [stderr]   Downloaded unicode_categories v0.1.1
[INFO] [stderr]   Downloaded wyz v0.2.0
[INFO] [stderr]   Downloaded md-5 v0.9.1
[INFO] [stderr]   Downloaded funty v1.0.1
[INFO] [stderr]   Downloaded radium v0.5.3
[INFO] [stderr]   Downloaded crossbeam-channel v0.5.0
[INFO] [stderr]   Downloaded atoi v0.4.0
[INFO] [stderr]   Downloaded bcrypt v0.9.0
[INFO] [stderr]   Downloaded cipher v0.2.5
[INFO] [stderr]   Downloaded derive_more v0.99.11
[INFO] [stderr]   Downloaded cookie v0.14.3
[INFO] [stderr]   Downloaded ghash v0.3.0
[INFO] [stderr]   Downloaded ahash v0.7.2
[INFO] [stderr]   Downloaded actix-server v2.0.0-beta.3
[INFO] [stderr]   Downloaded getrandom v0.2.0
[INFO] [stderr]   Downloaded http-range v0.1.4
[INFO] [stderr]   Downloaded time-macros v0.1.1
[INFO] [stderr]   Downloaded actix-service v2.0.0-beta.5
[INFO] [stderr]   Downloaded actix-codec v0.4.0-beta.1
[INFO] [stderr]   Downloaded actix-web v4.0.0-beta.4
[INFO] [stderr]   Downloaded whoami v1.0.1
[INFO] [stderr]   Downloaded actix-http v3.0.0-beta.4
[INFO] [stderr]   Downloaded ahash v0.4.7
[INFO] [stderr]   Downloaded futures-core v0.3.8
[INFO] [stderr]   Downloaded awc v3.0.0-beta.3
[INFO] [stderr]   Downloaded aead v0.3.2
[INFO] [stderr]   Downloaded ctr v0.6.0
[INFO] [stderr]   Downloaded aes-gcm v0.8.0
[INFO] [stderr]   Downloaded hkdf v0.10.0
[INFO] [stderr]   Downloaded const_fn v0.4.4
[INFO] [stderr]   Downloaded standback v0.2.13
[INFO] [stderr]   Downloaded time-macros-impl v0.1.1
[INFO] [stderr]   Downloaded lexical-core v0.7.4
[INFO] [stderr]   Downloaded time v0.2.23
[INFO] [stderr]   Downloaded actix-macros v0.2.0
[INFO] [stderr]   Downloaded actix-rt v2.1.0
[INFO] [stderr]   Downloaded blowfish v0.7.0
[INFO] [stderr]   Downloaded crypto-mac v0.10.0
[INFO] [stderr]   Downloaded hmac v0.10.1
[INFO] [stderr]   Downloaded ahash v0.6.2
[INFO] [stderr]   Downloaded crossbeam-queue v0.3.1
[INFO] [stderr]   Downloaded hashlink v0.6.0
[INFO] [stderr]   Downloaded subtle v2.4.0
[INFO] [stderr]   Downloaded sha2 v0.9.2
[INFO] [stderr]   Downloaded bitvec v0.19.4
[INFO] [stderr]   Downloaded tap v1.0.0
[INFO] [stderr]   Downloaded markup v0.11.0
[INFO] [stderr]   Downloaded sqlx-core v0.5.1
[INFO] [stderr]   Downloaded markup-proc-macro v0.11.0
[INFO] [stderr]   Downloaded nom v6.0.1
[INFO] [stderr]   Downloaded sqlformat v0.1.5
[INFO] [stderr]   Downloaded stringprep v0.1.2
[INFO] [stderr]   Downloaded futures v0.3.8
[INFO] [stderr]   Downloaded sqlx-macros v0.5.1
[INFO] [stderr]   Downloaded async-trait v0.1.42
[INFO] [stderr]   Downloaded displaydoc v0.1.7
[INFO] [stderr]   Downloaded futures-executor v0.3.8
[INFO] [stderr]   Downloaded hyper-rustls v0.22.1
[INFO] [stderr]   Downloaded futures-channel v0.3.8
[INFO] [stderr]   Downloaded futures-util v0.3.8
[INFO] [stderr]   Downloaded rustls v0.19.0
[INFO] [stderr]   Downloaded tokio-util v0.6.5
[INFO] [stderr]   Downloaded pin-project-internal v1.0.2
[INFO] [stderr]   Downloaded thirtyfour v0.23.0
[INFO] [stderr]   Downloaded vcpkg v0.2.11
[INFO] [stderr]   Downloaded webpki-roots v0.21.0
[INFO] [stderr]   Downloaded tokio-rustls v0.22.0
[INFO] [stderr]   Downloaded validator v0.12.0
[INFO] [stderr]   Downloaded polyval v0.4.3
[INFO] [stderr]   Downloaded urlparse v0.7.3
[INFO] [stderr]   Downloaded validator_types v0.12.0
[INFO] [stderr]   Downloaded parking_lot v0.11.1
[INFO] [stderr]   Downloaded actix-files v0.6.0-beta.3
[INFO] [stderr]   Downloaded actix-router v0.2.7
[INFO] [stderr]   Downloaded actix-web-codegen v0.5.0-beta.2
[INFO] [stderr]   Downloaded bytestring v1.0.0
[INFO] [stderr]   Downloaded actix-utils v3.0.0-beta.2
[INFO] [stderr]   Downloaded aes-soft v0.6.4
[INFO] [stderr]   Downloaded aesni v0.10.0
[INFO] [stderr]   Downloaded aes v0.6.0
[INFO] [stderr]   Downloaded universal-hash v0.4.0
[INFO] [stderr]   Downloaded redox_syscall v0.2.5
[INFO] [stderr]   Downloaded parking_lot_core v0.8.1
[INFO] [stderr]   Downloaded pin-project-lite v0.2.0
[INFO] [stderr]   Downloaded validator_derive v0.12.0
[INFO] [stderr]   Downloaded serde_json v1.0.60
[INFO] running `Command { std: "docker" "create" "-v" "/var/lib/crater-agent-workspace/builds/worker-1/target:/opt/rustwide/target:rw,Z" "-v" "/var/lib/crater-agent-workspace/builds/worker-1/source:/opt/rustwide/workdir:ro,Z" "-v" "/var/lib/crater-agent-workspace/cargo-home:/opt/rustwide/cargo-home:ro,Z" "-v" "/var/lib/crater-agent-workspace/rustup-home:/opt/rustwide/rustup-home:ro,Z" "-e" "SOURCE_DIR=/opt/rustwide/workdir" "-e" "CARGO_TARGET_DIR=/opt/rustwide/target" "-e" "CARGO_HOME=/opt/rustwide/cargo-home" "-e" "RUSTUP_HOME=/opt/rustwide/rustup-home" "-w" "/opt/rustwide/workdir" "-m" "1610612736" "--user" "0:0" "--network" "none" "ghcr.io/rust-lang/crates-build-env/linux@sha256:20528e8c29e4536546f0102ce88568b16ea7538393a33fcca951030f7af10457" "/opt/rustwide/cargo-home/bin/cargo" "+881c1ac408d93bb7adaa3a51dabab9266e82eee8" "metadata" "--no-deps" "--format-version=1", kill_on_drop: false }`
[INFO] [stderr] WARNING: Your kernel does not support swap limit capabilities or the cgroup is not mounted. Memory limited without swap.
[INFO] [stdout] 8b75509a266c7c3526b0bd1965029a9a97e75c25d622a79f87e425f6441003fe
[INFO] running `Command { std: "docker" "start" "-a" "8b75509a266c7c3526b0bd1965029a9a97e75c25d622a79f87e425f6441003fe", kill_on_drop: false }`
[INFO] running `Command { std: "docker" "inspect" "8b75509a266c7c3526b0bd1965029a9a97e75c25d622a79f87e425f6441003fe", kill_on_drop: false }`
[INFO] running `Command { std: "docker" "rm" "-f" "8b75509a266c7c3526b0bd1965029a9a97e75c25d622a79f87e425f6441003fe", kill_on_drop: false }`
[INFO] [stdout] 8b75509a266c7c3526b0bd1965029a9a97e75c25d622a79f87e425f6441003fe
[INFO] running `Command { std: "docker" "create" "-v" "/var/lib/crater-agent-workspace/builds/worker-1/target:/opt/rustwide/target:rw,Z" "-v" "/var/lib/crater-agent-workspace/builds/worker-1/source:/opt/rustwide/workdir:ro,Z" "-v" "/var/lib/crater-agent-workspace/cargo-home:/opt/rustwide/cargo-home:ro,Z" "-v" "/var/lib/crater-agent-workspace/rustup-home:/opt/rustwide/rustup-home:ro,Z" "-e" "SOURCE_DIR=/opt/rustwide/workdir" "-e" "CARGO_TARGET_DIR=/opt/rustwide/target" "-e" "CARGO_INCREMENTAL=0" "-e" "RUST_BACKTRACE=full" "-e" "RUSTFLAGS=--cap-lints=forbid" "-e" "CARGO_HOME=/opt/rustwide/cargo-home" "-e" "RUSTUP_HOME=/opt/rustwide/rustup-home" "-w" "/opt/rustwide/workdir" "-m" "1610612736" "--user" "0:0" "--network" "none" "ghcr.io/rust-lang/crates-build-env/linux@sha256:20528e8c29e4536546f0102ce88568b16ea7538393a33fcca951030f7af10457" "/opt/rustwide/cargo-home/bin/cargo" "+881c1ac408d93bb7adaa3a51dabab9266e82eee8" "build" "--frozen" "--message-format=json", kill_on_drop: false }`
[INFO] [stdout] 95b0f523c3151cd871768b86b5526dc3939acc8cc0cf4a9a9f7f5a2bf3e88f9a
[INFO] [stderr] WARNING: Your kernel does not support swap limit capabilities or the cgroup is not mounted. Memory limited without swap.
[INFO] running `Command { std: "docker" "start" "-a" "95b0f523c3151cd871768b86b5526dc3939acc8cc0cf4a9a9f7f5a2bf3e88f9a", kill_on_drop: false }`
[INFO] [stderr]    Compiling version_check v0.9.2
[INFO] [stderr]    Compiling libc v0.2.91
[INFO] [stderr]    Compiling proc-macro2 v1.0.24
[INFO] [stderr]    Compiling unicode-xid v0.2.1
[INFO] [stderr]    Compiling once_cell v1.5.2
[INFO] [stderr]    Compiling log v0.4.11
[INFO] [stderr]    Compiling pin-project-lite v0.2.0
[INFO] [stderr]    Compiling futures-core v0.3.8
[INFO] [stderr]    Compiling proc-macro-hack v0.5.19
[INFO] [stderr]    Compiling futures-sink v0.3.8
[INFO] [stderr]    Compiling itoa v0.4.6
[INFO] [stderr]    Compiling proc-macro-nested v0.1.6
[INFO] [stderr]    Compiling opaque-debug v0.3.0
[INFO] [stderr]    Compiling futures-io v0.3.8
[INFO] [stderr]    Compiling subtle v2.4.0
[INFO] [stderr]    Compiling getrandom v0.2.0
[INFO] [stderr]    Compiling serde v1.0.118
[INFO] [stderr]    Compiling getrandom v0.1.15
[INFO] [stderr]    Compiling regex-syntax v0.6.21
[INFO] [stderr]    Compiling serde_json v1.0.60
[INFO] [stderr]    Compiling spin v0.5.2
[INFO] [stderr]    Compiling untrusted v0.7.1
[INFO] [stderr]    Compiling cpuid-bool v0.1.2
[INFO] [stderr]    Compiling httparse v1.3.4
[INFO] [stderr]    Compiling cpuid-bool v0.2.0
[INFO] [stderr]    Compiling encoding_rs v0.8.26
[INFO] [stderr]    Compiling byteorder v1.3.4
[INFO] [stderr]    Compiling adler v0.2.3
[INFO] [stderr]    Compiling tap v1.0.0
[INFO] [stderr]    Compiling funty v1.0.1
[INFO] [stderr]    Compiling either v1.6.1
[INFO] [stderr]    Compiling tower-service v0.3.0
[INFO] [stderr]    Compiling unicode-segmentation v1.7.1
[INFO] [stderr]    Compiling whoami v1.0.1
[INFO] [stderr]    Compiling if_chain v1.0.1
[INFO] [stderr]    Compiling validator_types v0.12.0
[INFO] [stderr]    Compiling http-range v0.1.4
[INFO] [stderr]    Compiling tokio v1.4.0
[INFO] [stderr]    Compiling indexmap v1.6.1
[INFO] [stderr]    Compiling ring v0.16.19
[INFO] [stderr]    Compiling miniz_oxide v0.4.3
[INFO] [stderr]    Compiling brotli-sys v0.3.2
[INFO] [stderr]    Compiling crossbeam-utils v0.8.1
[INFO] [stderr]    Compiling bytestring v1.0.0
[INFO] [stderr]    Compiling num-traits v0.2.14
[INFO] [stderr]    Compiling thread_local v1.0.1
[INFO] [stderr]    Compiling tracing-core v0.1.17
[INFO] [stderr]    Compiling actix-service v2.0.0-beta.5
[INFO] [stderr]    Compiling futures-channel v0.3.8
[INFO] [stderr]    Compiling tinyvec v1.1.0
[INFO] [stderr]    Compiling futures-task v0.3.8
[INFO] [stderr]    Compiling http v0.2.3
[INFO] [stderr]    Compiling openssl-sys v0.9.61
[INFO] [stderr]    Compiling crc32fast v1.2.1
[INFO] [stderr]    Compiling contor v0.1.0 (/opt/rustwide/workdir)
[INFO] [stderr]    Compiling generic-array v0.14.4
[INFO] [stderr]    Compiling standback v0.2.13
[INFO] [stderr]    Compiling time v0.2.23
[INFO] [stderr]    Compiling ahash v0.7.2
[INFO] [stderr]    Compiling cookie v0.14.3
[INFO] [stderr]    Compiling nom v6.0.1
[INFO] [stderr]    Compiling unicase v2.6.0
[INFO] [stderr]    Compiling ahash v0.6.2
[INFO] [stderr]    Compiling proc-macro-error-attr v1.0.4
[INFO] [stderr]    Compiling proc-macro-error v1.0.4
[INFO] [stderr]    Compiling heck v0.3.1
[INFO] [stderr]    Compiling tracing v0.1.22
[INFO] [stderr]    Compiling lexical-core v0.7.4
[INFO] [stderr]    Compiling bitvec v0.19.4
[INFO] [stderr] error: failed to run custom build command for `contor v0.1.0 (/opt/rustwide/workdir)`
[INFO] [stderr] 
[INFO] [stderr] Caused by:
[INFO] [stderr]   process didn't exit successfully: `/opt/rustwide/target/debug/build/contor-713a9b5c7f5218ad/build-script-build` (exit status: 101)
[INFO] [stderr]   --- stderr
[INFO] [stderr]   thread 'main' panicked at 'called `Result::unwrap()` on an `Err` value: Os { code: 2, kind: NotFound, message: "No such file or directory" }', build.rs:52:38
[INFO] [stderr]   stack backtrace:
[INFO] [stderr]      0:     0x55f11c034000 - std::backtrace_rs::backtrace::libunwind::trace::hdcf4f90f85129e83
[INFO] [stderr]                                  at /rustc/881c1ac408d93bb7adaa3a51dabab9266e82eee8/library/std/src/../../backtrace/src/backtrace/libunwind.rs:90:5
[INFO] [stderr]      1:     0x55f11c034000 - std::backtrace_rs::backtrace::trace_unsynchronized::h2669e30cb82f6732
[INFO] [stderr]                                  at /rustc/881c1ac408d93bb7adaa3a51dabab9266e82eee8/library/std/src/../../backtrace/src/backtrace/mod.rs:66:5
[INFO] [stderr]      2:     0x55f11c034000 - std::sys_common::backtrace::_print_fmt::hfbda19e17f6db318
[INFO] [stderr]                                  at /rustc/881c1ac408d93bb7adaa3a51dabab9266e82eee8/library/std/src/sys_common/backtrace.rs:67:5
[INFO] [stderr]      3:     0x55f11c034000 - <std::sys_common::backtrace::_print::DisplayBacktrace as core::fmt::Display>::fmt::h1a8751bf59281272
[INFO] [stderr]                                  at /rustc/881c1ac408d93bb7adaa3a51dabab9266e82eee8/library/std/src/sys_common/backtrace.rs:46:22
[INFO] [stderr]      4:     0x55f11c04ecaf - core::fmt::write::h7aa6cd0067dca82a
[INFO] [stderr]                                  at /rustc/881c1ac408d93bb7adaa3a51dabab9266e82eee8/library/core/src/fmt/mod.rs:1094:17
[INFO] [stderr]      5:     0x55f11c032155 - std::io::Write::write_fmt::hd7dd3a1df9b6befb
[INFO] [stderr]                                  at /rustc/881c1ac408d93bb7adaa3a51dabab9266e82eee8/library/std/src/io/mod.rs:1584:15
[INFO] [stderr]      6:     0x55f11c035c4b - std::sys_common::backtrace::_print::h551e9ec8a9fa8106
[INFO] [stderr]                                  at /rustc/881c1ac408d93bb7adaa3a51dabab9266e82eee8/library/std/src/sys_common/backtrace.rs:49:5
[INFO] [stderr]      7:     0x55f11c035c4b - std::sys_common::backtrace::print::ha4b1c5e95fa040b3
[INFO] [stderr]                                  at /rustc/881c1ac408d93bb7adaa3a51dabab9266e82eee8/library/std/src/sys_common/backtrace.rs:36:9
[INFO] [stderr]      8:     0x55f11c035c4b - std::panicking::default_hook::{{closure}}::h0b34c9ab7fb9f857
[INFO] [stderr]                                  at /rustc/881c1ac408d93bb7adaa3a51dabab9266e82eee8/library/std/src/panicking.rs:208:50
[INFO] [stderr]      9:     0x55f11c03572d - std::panicking::default_hook::h3067e8318decd17a
[INFO] [stderr]                                  at /rustc/881c1ac408d93bb7adaa3a51dabab9266e82eee8/library/std/src/panicking.rs:225:9
[INFO] [stderr]     10:     0x55f11c0361fd - std::panicking::rust_panic_with_hook::h81b8facc50f34daa
[INFO] [stderr]                                  at /rustc/881c1ac408d93bb7adaa3a51dabab9266e82eee8/library/std/src/panicking.rs:591:17
[INFO] [stderr]     11:     0x55f11c035df7 - std::panicking::begin_panic_handler::{{closure}}::ha376ab85d95a000e
[INFO] [stderr]                                  at /rustc/881c1ac408d93bb7adaa3a51dabab9266e82eee8/library/std/src/panicking.rs:497:13
[INFO] [stderr]     12:     0x55f11c0344bc - std::sys_common::backtrace::__rust_end_short_backtrace::h6795c8afdd1a77e6
[INFO] [stderr]                                  at /rustc/881c1ac408d93bb7adaa3a51dabab9266e82eee8/library/std/src/sys_common/backtrace.rs:141:18
[INFO] [stderr]     13:     0x55f11c035d59 - rust_begin_unwind
[INFO] [stderr]                                  at /rustc/881c1ac408d93bb7adaa3a51dabab9266e82eee8/library/std/src/panicking.rs:493:5
[INFO] [stderr]     14:     0x55f11c00e021 - core::panicking::panic_fmt::hbe99dddd3092ba3c
[INFO] [stderr]                                  at /rustc/881c1ac408d93bb7adaa3a51dabab9266e82eee8/library/core/src/panicking.rs:92:14
[INFO] [stderr]     15:     0x55f11c00e0b3 - core::result::unwrap_failed::hf79563fef9d11ab8
[INFO] [stderr]                                  at /rustc/881c1ac408d93bb7adaa3a51dabab9266e82eee8/library/core/src/result.rs:1355:5
[INFO] [stderr]     16:     0x55f11c014dcb - core::result::Result<T,E>::unwrap::h633090e87a0dba24
[INFO] [stderr]                                  at /rustc/881c1ac408d93bb7adaa3a51dabab9266e82eee8/library/core/src/result.rs:1037:23
[INFO] [stderr]     17:     0x55f11c01bb98 - build_script_build::parse_folder::hc8fad7a3a399bdc7
[INFO] [stderr]                                  at /opt/rustwide/workdir/build.rs:52:17
[INFO] [stderr]     18:     0x55f11c01b75a - build_script_build::main::h91a895d6d41468f5
[INFO] [stderr]                                  at /opt/rustwide/workdir/build.rs:15:20
[INFO] [stderr]     19:     0x55f11c01344b - core::ops::function::FnOnce::call_once::h05c00940610cb793
[INFO] [stderr]                                  at /rustc/881c1ac408d93bb7adaa3a51dabab9266e82eee8/library/core/src/ops/function.rs:227:5
[INFO] [stderr]     20:     0x55f11c01325e - std::sys_common::backtrace::__rust_begin_short_backtrace::hba787e7cf0f2d6c0
[INFO] [stderr]                                  at /rustc/881c1ac408d93bb7adaa3a51dabab9266e82eee8/library/std/src/sys_common/backtrace.rs:125:18
[INFO] [stderr]     21:     0x55f11c01cc01 - std::rt::lang_start::{{closure}}::h25aa0cc8e0dbdc07
[INFO] [stderr]                                  at /rustc/881c1ac408d93bb7adaa3a51dabab9266e82eee8/library/std/src/rt.rs:49:18
[INFO] [stderr]     22:     0x55f11c0365fa - core::ops::function::impls::<impl core::ops::function::FnOnce<A> for &F>::call_once::h3b8c329143d7638a
[INFO] [stderr]                                  at /rustc/881c1ac408d93bb7adaa3a51dabab9266e82eee8/library/core/src/ops/function.rs:259:13
[INFO] [stderr]     23:     0x55f11c0365fa - std::panicking::try::do_call::h4b72c261b4eefc1b
[INFO] [stderr]                                  at /rustc/881c1ac408d93bb7adaa3a51dabab9266e82eee8/library/std/src/panicking.rs:379:40
[INFO] [stderr]     24:     0x55f11c0365fa - std::panicking::try::h703d31b7896cbd49
[INFO] [stderr]                                  at /rustc/881c1ac408d93bb7adaa3a51dabab9266e82eee8/library/std/src/panicking.rs:343:19
[INFO] [stderr]     25:     0x55f11c0365fa - std::panic::catch_unwind::h37cad9b35388a915
[INFO] [stderr]                                  at /rustc/881c1ac408d93bb7adaa3a51dabab9266e82eee8/library/std/src/panic.rs:431:14
[INFO] [stderr]     26:     0x55f11c0365fa - std::rt::lang_start_internal::hab5a8a909af4f90e
[INFO] [stderr]                                  at /rustc/881c1ac408d93bb7adaa3a51dabab9266e82eee8/library/std/src/rt.rs:34:21
[INFO] [stderr]     27:     0x55f11c01cbe0 - std::rt::lang_start::h8b029511cba753ab
[INFO] [stderr]                                  at /rustc/881c1ac408d93bb7adaa3a51dabab9266e82eee8/library/std/src/rt.rs:48:5
[INFO] [stderr]     28:     0x55f11c01cbac - main
[INFO] [stderr]     29:     0x7fc21bdb30b3 - __libc_start_main
[INFO] [stderr]     30:     0x55f11c00e71e - _start
[INFO] [stderr]     31:                0x0 - <unknown>
[INFO] [stderr] warning: build failed, waiting for other jobs to finish...
[INFO] [stdout] error[E0308]: mismatched types
[INFO] [stdout]   --> /opt/rustwide/cargo-home/registry/src/github.com-1ecc6299db9ec823/lexical-core-0.7.4/src/atof/algorithm/bhcomp.rs:62:24
[INFO] [stdout]    |
[INFO] [stdout] 62 |     let bytes = bits / Limb::BITS;
[INFO] [stdout]    |                        ^^^^^^^^^^ expected `usize`, found `u32`
[INFO] [stdout] 
[INFO] [stdout] 
[INFO] [stdout] error[E0277]: cannot divide `usize` by `u32`
[INFO] [stdout]   --> /opt/rustwide/cargo-home/registry/src/github.com-1ecc6299db9ec823/lexical-core-0.7.4/src/atof/algorithm/bhcomp.rs:62:22
[INFO] [stdout]    |
[INFO] [stdout] 62 |     let bytes = bits / Limb::BITS;
[INFO] [stdout]    |                      ^ no implementation for `usize / u32`
[INFO] [stdout]    |
[INFO] [stdout]    = help: the trait `Div<u32>` is not implemented for `usize`
[INFO] [stdout] 
[INFO] [stdout] 
[INFO] [stdout] error[E0308]: mismatched types
[INFO] [stdout]    --> /opt/rustwide/cargo-home/registry/src/github.com-1ecc6299db9ec823/lexical-core-0.7.4/src/atof/algorithm/bigcomp.rs:157:55
[INFO] [stdout]     |
[INFO] [stdout] 157 |     let nlz = den.leading_zeros().wrapping_sub(wlz) & (u32::BITS - 1);
[INFO] [stdout]     |                                                       ^^^^^^^^^^^^^^^ expected `usize`, found `u32`
[INFO] [stdout] 
[INFO] [stdout] 
[INFO] [stdout] error[E0277]: no implementation for `usize & u32`
[INFO] [stdout]    --> /opt/rustwide/cargo-home/registry/src/github.com-1ecc6299db9ec823/lexical-core-0.7.4/src/atof/algorithm/bigcomp.rs:157:53
[INFO] [stdout]     |
[INFO] [stdout] 157 |     let nlz = den.leading_zeros().wrapping_sub(wlz) & (u32::BITS - 1);
[INFO] [stdout]     |                                                     ^ no implementation for `usize & u32`
[INFO] [stdout]     |
[INFO] [stdout]     = help: the trait `BitAnd<u32>` is not implemented for `usize`
[INFO] [stdout] 
[INFO] [stdout] 
[INFO] [stdout] error[E0308]: mismatched types
[INFO] [stdout]    --> /opt/rustwide/cargo-home/registry/src/github.com-1ecc6299db9ec823/lexical-core-0.7.4/src/atof/algorithm/bigcomp.rs:175:40
[INFO] [stdout]     |
[INFO] [stdout] 175 |         let (q, r) = shift.ceil_divmod(Limb::BITS);
[INFO] [stdout]     |                                        ^^^^^^^^^^ expected `usize`, found `u32`
[INFO] [stdout]     |
[INFO] [stdout] help: you can convert a `u32` to a `usize` and panic if the converted value doesn't fit
[INFO] [stdout]     |
[INFO] [stdout] 175 |         let (q, r) = shift.ceil_divmod(Limb::BITS.try_into().unwrap());
[INFO] [stdout]     |                                        ^^^^^^^^^^^^^^^^^^^^^^^^^^^^^^
[INFO] [stdout] 
[INFO] [stdout] 
[INFO] [stdout] error[E0308]: mismatched types
[INFO] [stdout]     --> /opt/rustwide/cargo-home/registry/src/github.com-1ecc6299db9ec823/lexical-core-0.7.4/src/atof/algorithm/math.rs:1043:42
[INFO] [stdout]      |
[INFO] [stdout] 1043 |     let mut count = index.saturating_mul(Limb::BITS);
[INFO] [stdout]      |                                          ^^^^^^^^^^ expected `usize`, found `u32`
[INFO] [stdout]      |
[INFO] [stdout] help: you can convert a `u32` to a `usize` and panic if the converted value doesn't fit
[INFO] [stdout]      |
[INFO] [stdout] 1043 |     let mut count = index.saturating_mul(Limb::BITS.try_into().unwrap());
[INFO] [stdout]      |                                          ^^^^^^^^^^^^^^^^^^^^^^^^^^^^^^
[INFO] [stdout] 
[INFO] [stdout] 
[INFO] [stdout] error[E0308]: mismatched types
[INFO] [stdout]     --> /opt/rustwide/cargo-home/registry/src/github.com-1ecc6299db9ec823/lexical-core-0.7.4/src/atof/algorithm/math.rs:1058:28
[INFO] [stdout]      |
[INFO] [stdout] 1058 |     Limb::BITS.checked_mul(x.len())
[INFO] [stdout]      |                            ^^^^^^^ expected `u32`, found `usize`
[INFO] [stdout]      |
[INFO] [stdout] help: you can convert a `usize` to a `u32` and panic if the converted value doesn't fit
[INFO] [stdout]      |
[INFO] [stdout] 1058 |     Limb::BITS.checked_mul(x.len().try_into().unwrap())
[INFO] [stdout]      |                            ^^^^^^^^^^^^^^^^^^^^^^^^^^^
[INFO] [stdout] 
[INFO] [stdout] 
[INFO] [stdout] error[E0308]: mismatched types
[INFO] [stdout]     --> /opt/rustwide/cargo-home/registry/src/github.com-1ecc6299db9ec823/lexical-core-0.7.4/src/atof/algorithm/math.rs:1059:22
[INFO] [stdout]      |
[INFO] [stdout] 1059 |         .map(|v| v - nlz)
[INFO] [stdout]      |                      ^^^ expected `u32`, found `usize`
[INFO] [stdout] 
[INFO] [stdout] 
[INFO] [stdout] error[E0277]: cannot subtract `usize` from `u32`
[INFO] [stdout]     --> /opt/rustwide/cargo-home/registry/src/github.com-1ecc6299db9ec823/lexical-core-0.7.4/src/atof/algorithm/math.rs:1059:20
[INFO] [stdout]      |
[INFO] [stdout] 1059 |         .map(|v| v - nlz)
[INFO] [stdout]      |                    ^ no implementation for `u32 - usize`
[INFO] [stdout]      |
[INFO] [stdout]      = help: the trait `Sub<usize>` is not implemented for `u32`
[INFO] [stdout] 
[INFO] [stdout] 
[INFO] [stdout] error[E0308]: mismatched types
[INFO] [stdout]     --> /opt/rustwide/cargo-home/registry/src/github.com-1ecc6299db9ec823/lexical-core-0.7.4/src/atof/algorithm/math.rs:1060:20
[INFO] [stdout]      |
[INFO] [stdout] 1060 |         .unwrap_or(usize::max_value())
[INFO] [stdout]      |                    ^^^^^^^^^^^^^^^^^^ expected `u32`, found `usize`
[INFO] [stdout]      |
[INFO] [stdout] help: you can convert a `usize` to a `u32` and panic if the converted value doesn't fit
[INFO] [stdout]      |
[INFO] [stdout] 1060 |         .unwrap_or(usize::max_value().try_into().unwrap())
[INFO] [stdout]      |                    ^^^^^^^^^^^^^^^^^^^^^^^^^^^^^^^^^^^^^^
[INFO] [stdout] 
[INFO] [stdout] 
[INFO] [stdout] error[E0308]: mismatched types
[INFO] [stdout]     --> /opt/rustwide/cargo-home/registry/src/github.com-1ecc6299db9ec823/lexical-core-0.7.4/src/atof/algorithm/math.rs:1058:5
[INFO] [stdout]      |
[INFO] [stdout] 1054 |   pub fn bit_length(x: &[Limb]) -> usize {
[INFO] [stdout]      |                                    ----- expected `usize` because of return type
[INFO] [stdout] ...
[INFO] [stdout] 1058 | /     Limb::BITS.checked_mul(x.len())
[INFO] [stdout] 1059 | |         .map(|v| v - nlz)
[INFO] [stdout] 1060 | |         .unwrap_or(usize::max_value())
[INFO] [stdout]      | |______________________________________^ expected `usize`, found `u32`
[INFO] [stdout]      |
[INFO] [stdout] help: you can convert a `u32` to a `usize` and panic if the converted value doesn't fit
[INFO] [stdout]      |
[INFO] [stdout] 1058 |     Limb::BITS.checked_mul(x.len())
[INFO] [stdout] 1059 |         .map(|v| v - nlz)
[INFO] [stdout] 1060 |         .unwrap_or(usize::max_value()).try_into().unwrap()
[INFO] [stdout]      |
[INFO] [stdout] 
[INFO] [stdout] 
[INFO] [stdout] error[E0308]: mismatched types
[INFO] [stdout]     --> /opt/rustwide/cargo-home/registry/src/github.com-1ecc6299db9ec823/lexical-core-0.7.4/src/atof/algorithm/math.rs:1085:23
[INFO] [stdout]      |
[INFO] [stdout] 1085 |     debug_assert!(n < bits && n != 0);
[INFO] [stdout]      |                       ^^^^ expected `usize`, found `u32`
[INFO] [stdout]      |
[INFO] [stdout] help: you can convert a `u32` to a `usize` and panic if the converted value doesn't fit
[INFO] [stdout]      |
[INFO] [stdout] 1085 |     debug_assert!(n < bits.try_into().unwrap() && n != 0);
[INFO] [stdout]      |                       ^^^^^^^^^^^^^^^^^^^^^^^^
[INFO] [stdout] 
[INFO] [stdout] 
[INFO] [stdout] error[E0308]: mismatched types
[INFO] [stdout]     --> /opt/rustwide/cargo-home/registry/src/github.com-1ecc6299db9ec823/lexical-core-0.7.4/src/atof/algorithm/math.rs:1092:25
[INFO] [stdout]      |
[INFO] [stdout] 1092 |     let lshift = bits - n;
[INFO] [stdout]      |                         ^ expected `u32`, found `usize`
[INFO] [stdout] 
[INFO] [stdout] 
[INFO] [stdout] error[E0277]: cannot subtract `usize` from `u32`
[INFO] [stdout]     --> /opt/rustwide/cargo-home/registry/src/github.com-1ecc6299db9ec823/lexical-core-0.7.4/src/atof/algorithm/math.rs:1092:23
[INFO] [stdout]      |
[INFO] [stdout] 1092 |     let lshift = bits - n;
[INFO] [stdout]      |                       ^ no implementation for `u32 - usize`
[INFO] [stdout]      |
[INFO] [stdout]      = help: the trait `Sub<usize>` is not implemented for `u32`
[INFO] [stdout] 
[INFO] [stdout] 
[INFO] [stdout] error[E0308]: mismatched types
[INFO] [stdout]     --> /opt/rustwide/cargo-home/registry/src/github.com-1ecc6299db9ec823/lexical-core-0.7.4/src/atof/algorithm/math.rs:1134:19
[INFO] [stdout]      |
[INFO] [stdout] 1134 |     let rem = n % bits;
[INFO] [stdout]      |                   ^^^^ expected `usize`, found `u32`
[INFO] [stdout] 
[INFO] [stdout] 
[INFO] [stdout] error[E0277]: cannot mod `usize` by `u32`
[INFO] [stdout]     --> /opt/rustwide/cargo-home/registry/src/github.com-1ecc6299db9ec823/lexical-core-0.7.4/src/atof/algorithm/math.rs:1134:17
[INFO] [stdout]      |
[INFO] [stdout] 1134 |     let rem = n % bits;
[INFO] [stdout]      |                 ^ no implementation for `usize % u32`
[INFO] [stdout]      |
[INFO] [stdout]      = help: the trait `Rem<u32>` is not implemented for `usize`
[INFO] [stdout] 
[INFO] [stdout] 
[INFO] [stdout] error[E0308]: mismatched types
[INFO] [stdout]     --> /opt/rustwide/cargo-home/registry/src/github.com-1ecc6299db9ec823/lexical-core-0.7.4/src/atof/algorithm/math.rs:1135:19
[INFO] [stdout]      |
[INFO] [stdout] 1135 |     let div = n / bits;
[INFO] [stdout]      |                   ^^^^ expected `usize`, found `u32`
[INFO] [stdout] 
[INFO] [stdout] 
[INFO] [stdout] error[E0277]: cannot divide `usize` by `u32`
[INFO] [stdout]     --> /opt/rustwide/cargo-home/registry/src/github.com-1ecc6299db9ec823/lexical-core-0.7.4/src/atof/algorithm/math.rs:1135:17
[INFO] [stdout]      |
[INFO] [stdout] 1135 |     let div = n / bits;
[INFO] [stdout]      |                 ^ no implementation for `usize / u32`
[INFO] [stdout]      |
[INFO] [stdout]      = help: the trait `Div<u32>` is not implemented for `usize`
[INFO] [stdout] 
[INFO] [stdout] 
[INFO] [stdout] error[E0308]: mismatched types
[INFO] [stdout]     --> /opt/rustwide/cargo-home/registry/src/github.com-1ecc6299db9ec823/lexical-core-0.7.4/src/atof/algorithm/math.rs:1191:23
[INFO] [stdout]      |
[INFO] [stdout] 1191 |     debug_assert!(n < bits);
[INFO] [stdout]      |                       ^^^^ expected `usize`, found `u32`
[INFO] [stdout]      |
[INFO] [stdout] help: you can convert a `u32` to a `usize` and panic if the converted value doesn't fit
[INFO] [stdout]      |
[INFO] [stdout] 1191 |     debug_assert!(n < bits.try_into().unwrap());
[INFO] [stdout]      |                       ^^^^^^^^^^^^^^^^^^^^^^^^
[INFO] [stdout] 
[INFO] [stdout] 
[INFO] [stdout] error[E0308]: mismatched types
[INFO] [stdout]     --> /opt/rustwide/cargo-home/registry/src/github.com-1ecc6299db9ec823/lexical-core-0.7.4/src/atof/algorithm/math.rs:1201:25
[INFO] [stdout]      |
[INFO] [stdout] 1201 |     let rshift = bits - n;
[INFO] [stdout]      |                         ^ expected `u32`, found `usize`
[INFO] [stdout] 
[INFO] [stdout] 
[INFO] [stdout] error[E0277]: cannot subtract `usize` from `u32`
[INFO] [stdout]     --> /opt/rustwide/cargo-home/registry/src/github.com-1ecc6299db9ec823/lexical-core-0.7.4/src/atof/algorithm/math.rs:1201:23
[INFO] [stdout]      |
[INFO] [stdout] 1201 |     let rshift = bits - n;
[INFO] [stdout]      |                       ^ no implementation for `u32 - usize`
[INFO] [stdout]      |
[INFO] [stdout]      = help: the trait `Sub<usize>` is not implemented for `u32`
[INFO] [stdout] 
[INFO] [stdout] 
[INFO] [stdout] error[E0308]: mismatched types
[INFO] [stdout]     --> /opt/rustwide/cargo-home/registry/src/github.com-1ecc6299db9ec823/lexical-core-0.7.4/src/atof/algorithm/math.rs:1253:19
[INFO] [stdout]      |
[INFO] [stdout] 1253 |     let rem = n % bits;
[INFO] [stdout]      |                   ^^^^ expected `usize`, found `u32`
[INFO] [stdout] 
[INFO] [stdout] 
[INFO] [stdout] error[E0277]: cannot mod `usize` by `u32`
[INFO] [stdout]     --> /opt/rustwide/cargo-home/registry/src/github.com-1ecc6299db9ec823/lexical-core-0.7.4/src/atof/algorithm/math.rs:1253:17
[INFO] [stdout]      |
[INFO] [stdout] 1253 |     let rem = n % bits;
[INFO] [stdout]      |                 ^ no implementation for `usize % u32`
[INFO] [stdout]      |
[INFO] [stdout]      = help: the trait `Rem<u32>` is not implemented for `usize`
[INFO] [stdout] 
[INFO] [stdout] 
[INFO] [stdout] error[E0308]: mismatched types
[INFO] [stdout]     --> /opt/rustwide/cargo-home/registry/src/github.com-1ecc6299db9ec823/lexical-core-0.7.4/src/atof/algorithm/math.rs:1254:19
[INFO] [stdout]      |
[INFO] [stdout] 1254 |     let div = n / bits;
[INFO] [stdout]      |                   ^^^^ expected `usize`, found `u32`
[INFO] [stdout] 
[INFO] [stdout] 
[INFO] [stdout] error[E0277]: cannot divide `usize` by `u32`
[INFO] [stdout]     --> /opt/rustwide/cargo-home/registry/src/github.com-1ecc6299db9ec823/lexical-core-0.7.4/src/atof/algorithm/math.rs:1254:17
[INFO] [stdout]      |
[INFO] [stdout] 1254 |     let div = n / bits;
[INFO] [stdout]      |                 ^ no implementation for `usize / u32`
[INFO] [stdout]      |
[INFO] [stdout]      = help: the trait `Div<u32>` is not implemented for `usize`
[INFO] [stdout] 
[INFO] [stdout] 
[INFO] [stdout] error[E0308]: mismatched types
[INFO] [stdout]     --> /opt/rustwide/cargo-home/registry/src/github.com-1ecc6299db9ec823/lexical-core-0.7.4/src/atof/algorithm/math.rs:2065:27
[INFO] [stdout]      |
[INFO] [stdout] 2065 |     let rs = Limb::BITS - s;
[INFO] [stdout]      |                           ^ expected `u32`, found `usize`
[INFO] [stdout] 
[INFO] [stdout] 
[INFO] [stdout] error[E0277]: cannot subtract `usize` from `u32`
[INFO] [stdout]     --> /opt/rustwide/cargo-home/registry/src/github.com-1ecc6299db9ec823/lexical-core-0.7.4/src/atof/algorithm/math.rs:2065:25
[INFO] [stdout]      |
[INFO] [stdout] 2065 |     let rs = Limb::BITS - s;
[INFO] [stdout]      |                         ^ no implementation for `u32 - usize`
[INFO] [stdout]      |
[INFO] [stdout]      = help: the trait `Sub<usize>` is not implemented for `u32`
[INFO] [stdout] 
[INFO] [stdout] 
[INFO] [stdout] error: aborting due to 27 previous errors
[INFO] [stdout] 
[INFO] [stdout] 
[INFO] [stdout] Some errors have detailed explanations: E0277, E0308.
[INFO] [stdout] 
[INFO] [stdout] For more information about an error, try `rustc --explain E0277`.
[INFO] [stdout] 
[INFO] [stderr] error: build failed
[INFO] running `Command { std: "docker" "inspect" "95b0f523c3151cd871768b86b5526dc3939acc8cc0cf4a9a9f7f5a2bf3e88f9a", kill_on_drop: false }`
[INFO] running `Command { std: "docker" "rm" "-f" "95b0f523c3151cd871768b86b5526dc3939acc8cc0cf4a9a9f7f5a2bf3e88f9a", kill_on_drop: false }`
[INFO] [stdout] 95b0f523c3151cd871768b86b5526dc3939acc8cc0cf4a9a9f7f5a2bf3e88f9a
